{"id":3766,"date":"2026-02-08T09:42:32","date_gmt":"2026-02-08T08:42:32","guid":{"rendered":"https:\/\/www.htba.fr\/arhistar\/?page_id=3766"},"modified":"2026-02-15T11:45:49","modified_gmt":"2026-02-15T10:45:49","slug":"accueil-2027","status":"publish","type":"page","link":"https:\/\/www.htba.fr\/arhistar\/","title":{"rendered":"ACCueil 2027"},"content":{"rendered":"<div class=\"brz-root__container brz-reset-all brz\">{{ brizy_dc_global_blocks position=&rsquo;top&rsquo; }}<\/p>\n<section id=\"{{placeholder content='e3sgcmFuZG9tX2lkIH19' key='yadhcqeixqsaptczsybntkkorfsfmxytczcw'}}_yadhcqeixqsaptczsybntkkorfsfmxytczcw\" class=\"brz-section brz-css-c08qN brz-css-cAcov\">\n<div class=\"brz-slick-slider brz-slick-slider__section\" data-slides-to-show=\"1\" data-slides-to-scroll=\"1\" data-arrows=\"true\" data-dots=\"true\" data-dots-class=\"brz-slick-slider__dots brz-slick-slider__dots--circle\" data-fade=\"true\" data-vertical=\"false\" data-auto-play=\"true\" data-auto-play-speed=\"5000\" data-animation-speed=\"2700\" data-swipe=\"true\" data-responsive=\"%5B%7B%22breakpoint%22%3A767%2C%22settings%22%3A%7B%22slidesToShow%22%3A1%2C%22slidesToScroll%22%3A1%7D%7D%5D\">\n<div>\n<div class=\"brz-section__content brz-section--boxed brz-css-aCxVt brz-css-dKc1T\" data-brz-custom-id=\"gWKcQMA7LkTp\">\n<div class=\"brz-bg\">\n<div class=\"brz-bg-image\"><\/div>\n<div class=\"brz-bg-color\"><\/div>\n<\/div>\n<div class=\"brz-container brz-css-kasAp\">\n<div id=\"\" class=\"brz-css-nyJd7 brz-css-toUZb brz-wrapper\">\n<div class=\"brz-image brz-css-vPy7F\" data-brz-custom-id=\"ixXww4JLYp7M\"><picture class=\"brz-picture brz-d-block brz-p-relative brz-css-npa5I brz-css-hjBm3\"><source srcset=\"https:\/\/www.htba.fr\/arhistar?brizy_media=wp-413ca912d57976c800230afeee7aae65.png&amp;brizy_crop=original 1x, https:\/\/www.htba.fr\/arhistar?brizy_media=wp-413ca912d57976c800230afeee7aae65.png&amp;brizy_crop=original 2x\" media=\"(min-width: 992px)\"><source srcset=\"https:\/\/www.htba.fr\/arhistar?brizy_media=wp-413ca912d57976c800230afeee7aae65.png&amp;brizy_crop=original 1x, https:\/\/www.htba.fr\/arhistar?brizy_media=wp-413ca912d57976c800230afeee7aae65.png&amp;brizy_crop=original 2x\" media=\"(min-width: 768px)\"><img decoding=\"async\" class=\"brz-img\" srcset=\"https:\/\/www.htba.fr\/arhistar?brizy_media=wp-413ca912d57976c800230afeee7aae65.png&amp;brizy_crop=original 1x, https:\/\/www.htba.fr\/arhistar?brizy_media=wp-413ca912d57976c800230afeee7aae65.png&amp;brizy_crop=original 2x\" src=\"https:\/\/www.htba.fr\/arhistar?brizy_media=wp-413ca912d57976c800230afeee7aae65.png&amp;brizy_crop=original\" alt=\"{{placeholder content='e3sgYnJpenlfZGNfaW1hZ2VfYWx0IH19' imageSrc='wp-413ca912d57976c800230afeee7aae65.png'}}\" draggable=\"false\" loading=\"lazy\"><\/picture><\/div>\n<\/div>\n<div id=\"\" class=\"brz-css-nyJd7 brz-css-exmaZ brz-wrapper\">\n<div class=\"brz-rich-text brz-rich-text__custom brz-css-yJdnz\" data-brz-custom-id=\"j2ZbzjvINVGf\">\n<div data-brz-translate-text=\"1\">\n<p class=\"brz-fs-lg-67 brz-ft-system brz-ff-initial brz-tp-lg-empty brz-fsft-lg-0 brz-fwdth-lg-100 brz-vfw-lg-400 brz-lh-lg-1_1 brz-ls-lg-m_0_5 brz-fw-lg-400 brz-fss-lg-px brz-text-lg-center brz-css-iyMEB\" data-generated-css=\"brz-css-dfo2O\" data-uniq-id=\"iAcvW\"><span class=\"brz-cp-color6\" style=\"background-color: rgba(206, 187, 7, 0); color: rgba(var(--brz-global-color6),1);\"> l&rsquo;Art et l&rsquo;Histoire  <\/span><span style=\"background-color: rgba(206, 187, 7, 0); color: rgb(247, 228, 58);\">\u00e0 Arcachon <\/span><\/p>\n<\/div>\n<\/div>\n<\/div>\n<div class=\"brz-row__container brz-css-mpE9K\" data-brz-custom-id=\"r6B3dxeoqZrI\">\n<div class=\"brz-bg\"><\/div>\n<div class=\"brz-row brz-css-pdaJk\">\n<div class=\"brz-columns brz-css-o4kRN brz-css-rZZop\" data-brz-custom-id=\"yGydEXvWe_kL\">\n<div class=\"brz-bg\"><\/div>\n<div class=\"brz-column__items brz-css-qiHPJ\"><\/div>\n<\/div>\n<div class=\"brz-columns brz-css-o4kRN brz-css-oTAmq\" data-brz-custom-id=\"mgtHgQDWJA4A\">\n<div class=\"brz-bg\"><\/div>\n<div class=\"brz-column__items brz-css-qiHPJ\"><\/div>\n<\/div>\n<div class=\"brz-columns brz-css-o4kRN brz-css-fok0v\" data-brz-custom-id=\"pDxBizAFnew7\">\n<div class=\"brz-bg\"><\/div>\n<div class=\"brz-column__items brz-css-qiHPJ\">\n<div id=\"\" class=\"brz-css-nyJd7 brz-css-cNEpD brz-wrapper\">\n<div class=\"brz-image brz-css-zBcjs\" data-brz-custom-id=\"rVcZdc6Sh_g6\"><picture class=\"brz-picture brz-d-block brz-p-relative brz-css-jnmdZ brz-css-na5Br\"><source srcset=\"https:\/\/www.htba.fr\/arhistar?brizy_media=wp-5d70c58fa038baec09b45cff108c74d3.png&amp;brizy_crop=original 1x, https:\/\/www.htba.fr\/arhistar?brizy_media=wp-5d70c58fa038baec09b45cff108c74d3.png&amp;brizy_crop=original 2x\" media=\"(min-width: 992px)\"><source srcset=\"https:\/\/www.htba.fr\/arhistar?brizy_media=wp-5d70c58fa038baec09b45cff108c74d3.png&amp;brizy_crop=original 1x, https:\/\/www.htba.fr\/arhistar?brizy_media=wp-5d70c58fa038baec09b45cff108c74d3.png&amp;brizy_crop=original 2x\" media=\"(min-width: 768px)\"><img decoding=\"async\" class=\"brz-img\" srcset=\"https:\/\/www.htba.fr\/arhistar?brizy_media=wp-5d70c58fa038baec09b45cff108c74d3.png&amp;brizy_crop=original 1x, https:\/\/www.htba.fr\/arhistar?brizy_media=wp-5d70c58fa038baec09b45cff108c74d3.png&amp;brizy_crop=original 2x\" src=\"https:\/\/www.htba.fr\/arhistar?brizy_media=wp-5d70c58fa038baec09b45cff108c74d3.png&amp;brizy_crop=original\" alt=\"{{placeholder content='e3sgYnJpenlfZGNfaW1hZ2VfYWx0IH19' imageSrc='wp-5d70c58fa038baec09b45cff108c74d3.png'}}\" draggable=\"false\" loading=\"lazy\"><\/picture><\/div>\n<\/div>\n<\/div>\n<\/div>\n<\/div>\n<\/div>\n<\/div>\n<\/div>\n<\/div>\n<div>\n<div class=\"brz-section__content brz-section--boxed brz-css-aCxVt brz-css-s4p1B\" data-brz-custom-id=\"yyhpyoqqmkcjkmirooqolairtdcnslorfltr\">\n<div class=\"brz-bg\">\n<div class=\"brz-bg-image\"><\/div>\n<div class=\"brz-bg-color\"><\/div>\n<\/div>\n<div class=\"brz-container brz-css-kasAp\">\n<div id=\"\" class=\"brz-css-nyJd7 brz-css-zomFB brz-wrapper\">\n<div class=\"brz-rich-text brz-rich-text__custom brz-css-yJdnz\" data-brz-custom-id=\"ljgwagdmzuzeyxnkdrrnduoloemrmnnpvofx\">\n<div data-brz-translate-text=\"1\">\n<p class=\"brz-fsft-lg-0 brz-fwdth-lg-100 brz-vfw-lg-400 brz-lh-lg-1_1 brz-ls-lg-m_0_5 brz-fw-lg-400 brz-fss-lg-px brz-fs-lg-66 brz-ft-system brz-ff-initial brz-tp-lg-empty brz-text-lg-center brz-css-iKpk9\" data-generated-css=\"brz-css-hUb21\" data-uniq-id=\"eaFGQ\"><span class=\"brz-cp-color6\" style=\"color: rgba(var(--brz-global-color6),1);\">La Rencontre <\/span><\/p>\n<p class=\"brz-fsft-lg-0 brz-fwdth-lg-100 brz-vfw-lg-400 brz-lh-lg-1_1 brz-ls-lg-m_0_5 brz-fw-lg-400 brz-fss-lg-px brz-fs-lg-66 brz-ft-system brz-ff-initial brz-tp-lg-empty brz-text-lg-center brz-css-dHWqG\" data-generated-css=\"brz-css-vI_VA\" data-uniq-id=\"hzloE\"><span class=\"brz-cp-color6\" style=\"color: rgba(var(--brz-global-color6),1);\">de l&rsquo;ART et de l<\/span><span class=\"brz-cp-color5\">&lsquo;<\/span><span class=\"brz-cp-color5\" style=\"color: rgba(var(--brz-global-color5),1);\">HISTOIRE<\/span><\/p>\n<p class=\"brz-fsft-lg-0 brz-fwdth-lg-100 brz-vfw-lg-400 brz-lh-lg-1_1 brz-ls-lg-m_0_5 brz-fw-lg-400 brz-fss-lg-px brz-fs-lg-66 brz-ft-system brz-ff-initial brz-tp-lg-empty brz-text-lg-center brz-css-xbo4O\" data-generated-css=\"brz-css-vI_VA\" data-uniq-id=\"hzloE\"><span class=\"brz-cp-color5\" style=\"color: rgba(var(--brz-global-color5),1);\"> <\/span><\/p>\n<\/div>\n<\/div>\n<\/div>\n<\/div>\n<\/div>\n<\/div>\n<p><svg class=\"brz-icon-svg align-[initial] brz-hidden\"><use href=\"\/arhistar\/wp-content\/plugins\/brizy\/public\/editor-build\/prod\/editor\/icons\/editor\/right-arrow-thin.svg#brz_icon\"><\/use><\/svg><\/div>\n<\/section>\n<section id=\"{{placeholder content='e3sgcmFuZG9tX2lkIH19' key='r7xUV_BydmvC'}}_r7xUV_BydmvC\" class=\"brz-section brz-css-c08qN\">\n<div class=\"brz-section__content brz-section--boxed brz-css-aCxVt brz-css-tDJyq\" data-brz-custom-id=\"pVrs_HOjNNFQ\">\n<div class=\"brz-bg\">\n<div class=\"brz-bg-color\"><\/div>\n<\/div>\n<div class=\"brz-container brz-css-kasAp\">\n<div id=\"\" class=\"brz-css-nyJd7 brz-css-oTSGS brz-wrapper\">\n<div class=\"brz-rich-text brz-rich-text__custom brz-css-yJdnz\" data-brz-custom-id=\"cpAVYe4T_wre\">\n<div data-brz-translate-text=\"1\">\n<p class=\"brz-text-lg-justify brz-tp-lg-empty brz-ff-spectral brz-ft-google brz-fs-lg-27 brz-fss-lg-px brz-fw-lg-500 brz-ls-lg-m_1_5 brz-lh-lg-1_3 brz-vfw-lg-400 brz-fwdth-lg-100 brz-fsft-lg-0 brz-css-wd1Bz\" data-generated-css=\"brz-css-j1tEn\" data-uniq-id=\"eQi6Z\">En 2025 le th\u00e8me <em class=\"brz-italic-true\">ArHistAr<\/em> \u00e9tait<\/p>\n<p class=\"brz-fsft-lg-0 brz-fwdth-lg-100 brz-vfw-lg-400 brz-lh-lg-1_3 brz-ls-lg-m_1_5 brz-fw-lg-700 brz-fss-lg-px brz-fs-lg-29 brz-ft-google brz-ff-montserrat brz-tp-lg-empty brz-bcp-color5 brz-text-lg-justify brz-css-mDRXX\" data-generated-css=\"brz-css-oyGdT\" data-uniq-id=\"dbnCB\"><span class=\"brz-cp-color5\" style=\"color: rgba(var(--brz-global-color5),1);\">\u00ab\u00a0Arcachon Ville Imp\u00e9riale\u00a0\u00bb <\/span><\/p>\n<p class=\"brz-text-lg-center brz-ff-josefin_sans brz-ft-google brz-fs-lg-25 brz-fss-lg-px brz-fw-lg-400 brz-ls-lg-m_1_5 brz-lh-lg-1_3 brz-vfw-lg-400 brz-fwdth-lg-100 brz-fsft-lg-0 brz-tp-lg-subtitle brz-css-mscKD\" data-generated-css=\"brz-css-tEuQT\" data-uniq-id=\"iEBEH\"><\/p>\n<\/div>\n<\/div>\n<\/div>\n<div id=\"\" class=\"brz-css-nyJd7 brz-wrapper\">\n<div class=\"brz-line brz-line-default brz-css-ssPkU\" data-brz-custom-id=\"clQQV3AM1BWw\">\n<hr class=\"brz-hr\"><\/div>\n<\/div>\n<div id=\"\" class=\"brz-css-nyJd7 brz-css-lg7MJ brz-wrapper\">\n<div class=\"brz-rich-text brz-rich-text__custom brz-css-yJdnz\" data-brz-custom-id=\"f5Z1VkIJ72_q\">\n<div data-brz-translate-text=\"1\">\n<p class=\"brz-text-lg-center brz-tp-lg-empty brz-ff-spectral brz-ft-google brz-fs-lg-35 brz-fss-lg-px brz-fw-lg-500 brz-ls-lg-m_1_5 brz-lh-lg-1_3 brz-vfw-lg-400 brz-fwdth-lg-100 brz-fsft-lg-0 brz-css-b9aAv\" data-generated-css=\"brz-css-wxdDz\" data-uniq-id=\"piHEt\">En 2027, le th\u00e8me <em class=\"brz-italic-true\">ArHistAr<\/em> sera<\/p>\n<p class=\"brz-fsft-lg-0 brz-fwdth-lg-100 brz-vfw-lg-400 brz-lh-lg-1_3 brz-ls-lg-m_1_5 brz-fw-lg-700 brz-fss-lg-px brz-fs-lg-36 brz-ft-google brz-ff-playfair_display brz-tp-lg-empty brz-text-lg-center brz-bcp-color5 brz-css-qr6_W\" data-generated-css=\"brz-css-gXKiW\" data-uniq-id=\"sCPT6\"><span class=\"brz-cp-color4\" style=\"color: rgba(var(--brz-global-color4),1);\">\u00ab\u00a0L&rsquo; Architecture sur le Bassin d&rsquo;Arcachon\u00a0\u00bb <\/span><\/p>\n<p class=\"brz-text-lg-center brz-ff-josefin_sans brz-ft-google brz-fs-lg-25 brz-fss-lg-px brz-fw-lg-400 brz-ls-lg-m_1_5 brz-lh-lg-1_3 brz-vfw-lg-400 brz-fwdth-lg-100 brz-fsft-lg-0 brz-tp-lg-subtitle brz-css-m3kH1\" data-generated-css=\"brz-css-g2VcX\" data-uniq-id=\"qCpPm\"><\/p>\n<\/div>\n<\/div>\n<\/div>\n<div class=\"brz-row__container brz-css-mpE9K brz-css-vEBCV\" data-brz-custom-id=\"a3JRBCOYgSH_\">\n<div class=\"brz-bg\"><\/div>\n<div class=\"brz-row brz-css-pdaJk\">\n<div class=\"brz-columns brz-css-o4kRN brz-css-foBTN\" data-brz-custom-id=\"yym3syaaJUYT\">\n<div class=\"brz-bg\">\n<div class=\"brz-bg-color\"><\/div>\n<\/div>\n<div class=\"brz-column__items brz-css-qiHPJ brz-css-wFP_A\"><\/div>\n<\/div>\n<div class=\"brz-columns brz-css-o4kRN brz-css-nxdd8\" data-brz-custom-id=\"aPOWB6jmLqcm\">\n<div class=\"brz-bg\">\n<div class=\"brz-bg-color\"><\/div>\n<\/div>\n<div class=\"brz-column__items brz-css-qiHPJ brz-css-cklsm\">\n<div id=\"\" class=\"brz-css-nyJd7 brz-wrapper\">\n<div class=\"brz-image brz-css-yX4_K\" data-brz-custom-id=\"dqTkLRKZO89v\"><picture class=\"brz-picture brz-d-block brz-p-relative brz-css-vW6ih brz-css-srFbr\"><source srcset=\"https:\/\/www.htba.fr\/arhistar?brizy_media=wp-2bf6168cfba7fdec2b1911210d2e008a.jpg&amp;brizy_crop=original 1x, https:\/\/www.htba.fr\/arhistar?brizy_media=wp-2bf6168cfba7fdec2b1911210d2e008a.jpg&amp;brizy_crop=original 2x\" media=\"(min-width: 992px)\"><source srcset=\"https:\/\/www.htba.fr\/arhistar?brizy_media=wp-2bf6168cfba7fdec2b1911210d2e008a.jpg&amp;brizy_crop=original 1x, https:\/\/www.htba.fr\/arhistar?brizy_media=wp-2bf6168cfba7fdec2b1911210d2e008a.jpg&amp;brizy_crop=original 2x\" media=\"(min-width: 768px)\"><img decoding=\"async\" class=\"brz-img\" srcset=\"https:\/\/www.htba.fr\/arhistar?brizy_media=wp-2bf6168cfba7fdec2b1911210d2e008a.jpg&amp;brizy_crop=original 1x, https:\/\/www.htba.fr\/arhistar?brizy_media=wp-2bf6168cfba7fdec2b1911210d2e008a.jpg&amp;brizy_crop=original 2x\" src=\"https:\/\/www.htba.fr\/arhistar?brizy_media=wp-2bf6168cfba7fdec2b1911210d2e008a.jpg&amp;brizy_crop=original\" alt=\"{{placeholder content='e3sgYnJpenlfZGNfaW1hZ2VfYWx0IH19' imageSrc='wp-2bf6168cfba7fdec2b1911210d2e008a.jpg'}}\" draggable=\"false\" loading=\"lazy\"><\/picture><\/div>\n<\/div>\n<div id=\"\" class=\"brz-css-nyJd7 brz-wrapper\">\n<div class=\"brz-rich-text brz-rich-text__custom brz-css-yJdnz\" data-brz-custom-id=\"gS2amRrDvP0Q\">\n<div data-brz-translate-text=\"1\">\n<h5 data-uniq-id=\"m1ehi\" data-generated-css=\"brz-css-prbMO\" class=\"brz-text-lg-center brz-tp-lg-heading5 brz-css-zri2M\"><span class=\"brz-cp-color7\">Les groupes HTBA travaillent d\u00e9j\u00e0 \u00e0 d\u00e9finir le programme <\/span><span style=\"color: rgb(18, 19, 20);\">2027.<\/span><\/h5>\n<h5 data-uniq-id=\"xe9Uu\" data-generated-css=\"brz-css-xDPzb\" class=\"brz-text-lg-center brz-tp-lg-heading5 brz-css-lCHzz\"><span class=\"brz-cp-color7\">Vous serez r\u00e9guli\u00e8rement inform\u00e9s de son avancement <\/span><\/h5>\n<\/div>\n<\/div>\n<\/div>\n<\/div>\n<\/div>\n<div class=\"brz-columns brz-css-o4kRN brz-css-uXBGb\" data-brz-custom-id=\"aW9KOlGGbG5E\">\n<div class=\"brz-bg\">\n<div class=\"brz-bg-color\"><\/div>\n<\/div>\n<div class=\"brz-column__items brz-css-qiHPJ brz-css-slpf5\"><\/div>\n<\/div>\n<\/div>\n<\/div>\n<div id=\"\" class=\"brz-css-nyJd7 brz-wrapper\">\n<div class=\"brz-line brz-line-default brz-css-ssPkU\" data-brz-custom-id=\"iRtPJdrOftrj\">\n<hr class=\"brz-hr\"><\/div>\n<\/div>\n<div class=\"brz-row__container brz-css-mpE9K\" data-brz-custom-id=\"d33psXjGmYEZ\">\n<div class=\"brz-bg\"><\/div>\n<div class=\"brz-row brz-css-pdaJk\">\n<div class=\"brz-columns brz-css-o4kRN brz-css-xNSKI\" data-brz-custom-id=\"vRjNeQas09FD\">\n<div class=\"brz-bg\"><\/div>\n<div class=\"brz-column__items brz-css-qiHPJ\"><\/div>\n<\/div>\n<div class=\"brz-columns brz-css-o4kRN brz-css-hFec1\" data-brz-custom-id=\"dxQyNv_JAMz2\">\n<div class=\"brz-bg\"><\/div>\n<div class=\"brz-column__items brz-css-qiHPJ\"><\/div>\n<p><a class=\"brz-a brz-container-link\" href=\"https:\/\/www.htba.fr\/arhistar\/?page_id=3832\" target=\"_self\" rel=\"noopener\" data-brz-link-type=\"external\"><\/a><\/div>\n<div class=\"brz-columns brz-css-o4kRN brz-css-vW7Ta\" data-brz-custom-id=\"nFcC9KjkntG5\">\n<div class=\"brz-bg\"><\/div>\n<div class=\"brz-column__items brz-css-qiHPJ\">\n<div class=\"brz-wrapper-clone brz-css-sGhSc brz-css-tVip_\">\n<div class=\"brz-d-xs-flex brz-flex-xs-wrap brz-css-rtms8\" data-brz-custom-id=\"\">\n<div class=\"brz-wrapper-clone__item\" id=\"f1F4oTv4e1iv\">\n<div class=\"brz-hover-animation__container\" data-brz-hover-animationid=\"s9zpHyr_aBlN\" data-brz-hover-options=\"%7B%22duration%22:600,%22iterations%22:1%7D\" data-brz-hover-reversible=\"true\" data-brz-hover-target=\"%22firstChild%22\"><a class=\"brz-a brz-btn brz-css-xr7IP brz-css-jrml_ brz-css-eQMwn brz-css-mdMEu\" href=\"https:\/\/www.htba.fr\/arhistar\/?page_id=3786\" target=\"_self\" rel=\"noopener\" data-brz-link-type=\"external\" data-brz-custom-id=\"f1F4oTv4e1iv\"><svg class=\"brz-icon-svg align-[initial] brz-css-hU3Qj\"><use href=\"\/arhistar\/wp-content\/plugins\/brizy\/public\/editor-build\/prod\/editor\/icons\/glyph\/tail-right.svg#nc_icon\"><\/use><\/svg><span data-brz-translate-text=\"1\" class=\"brz-span brz-text__editor\" contenteditable=\"false\">Voir le d\u00e9tail du <br \/>Programme ArhistAr&nbsp; 2025<\/span><\/a><\/div>\n<\/div>\n<\/div>\n<\/div>\n<\/div>\n<\/div>\n<div class=\"brz-columns brz-css-o4kRN brz-css-gpuir\" data-brz-custom-id=\"mgOqtQVYExSE\">\n<div class=\"brz-bg\"><\/div>\n<div class=\"brz-column__items brz-css-qiHPJ\"><\/div>\n<\/div>\n<\/div>\n<\/div>\n<div id=\"\" class=\"brz-css-nyJd7 brz-wrapper\">\n<div class=\"brz-line brz-line-default brz-css-ssPkU\" data-brz-custom-id=\"dew_gom4hH3o\">\n<hr class=\"brz-hr\"><\/div>\n<\/div>\n<\/div>\n<\/div>\n<\/section>\n<p>{{ brizy_dc_global_blocks position=&rsquo;bottom&rsquo; }}<\/p><\/div>\n<p>    <!-- version:1771152349 --><\/p>\n","protected":false},"excerpt":{"rendered":"<p>{{ brizy_dc_global_blocks position=&rsquo;top&rsquo; }} l&rsquo;Art et l&rsquo;Histoire \u00e0 Arcachon La Rencontre de l&rsquo;ART et de l&lsquo;HISTOIRE En 2025 le th\u00e8me [&hellip;]<\/p>\n","protected":false},"author":2,"featured_media":188,"parent":0,"menu_order":0,"comment_status":"closed","ping_status":"closed","template":"brizy-blank-template.php","meta":{"site-sidebar-layout":"default","site-content-layout":"","ast-site-content-layout":"default","site-content-style":"default","site-sidebar-style":"default","ast-global-header-display":"","ast-banner-title-visibility":"","ast-main-header-display":"","ast-hfb-above-header-display":"","ast-hfb-below-header-display":"","ast-hfb-mobile-header-display":"","site-post-title":"","ast-breadcrumbs-content":"","ast-featured-img":"","footer-sml-layout":"","ast-disable-related-posts":"","theme-transparent-header-meta":"","adv-header-id-meta":"","stick-header-meta":"","header-above-stick-meta":"","header-main-stick-meta":"","header-below-stick-meta":"","astra-migrate-meta-layouts":"default","ast-page-background-enabled":"default","ast-page-background-meta":{"desktop":{"background-color":"var(--ast-global-color-4)","background-image":"","background-repeat":"repeat","background-position":"center center","background-size":"auto","background-attachment":"scroll","background-type":"","background-media":"","overlay-type":"","overlay-color":"","overlay-opacity":"","overlay-gradient":""},"tablet":{"background-color":"","background-image":"","background-repeat":"repeat","background-position":"center center","background-size":"auto","background-attachment":"scroll","background-type":"","background-media":"","overlay-type":"","overlay-color":"","overlay-opacity":"","overlay-gradient":""},"mobile":{"background-color":"","background-image":"","background-repeat":"repeat","background-position":"center center","background-size":"auto","background-attachment":"scroll","background-type":"","background-media":"","overlay-type":"","overlay-color":"","overlay-opacity":"","overlay-gradient":""}},"ast-content-background-meta":{"desktop":{"background-color":"var(--ast-global-color-5)","background-image":"","background-repeat":"repeat","background-position":"center center","background-size":"auto","background-attachment":"scroll","background-type":"","background-media":"","overlay-type":"","overlay-color":"","overlay-opacity":"","overlay-gradient":""},"tablet":{"background-color":"var(--ast-global-color-5)","background-image":"","background-repeat":"repeat","background-position":"center center","background-size":"auto","background-attachment":"scroll","background-type":"","background-media":"","overlay-type":"","overlay-color":"","overlay-opacity":"","overlay-gradient":""},"mobile":{"background-color":"var(--ast-global-color-5)","background-image":"","background-repeat":"repeat","background-position":"center center","background-size":"auto","background-attachment":"scroll","background-type":"","background-media":"","overlay-type":"","overlay-color":"","overlay-opacity":"","overlay-gradient":""}},"footnotes":""},"class_list":["post-3766","page","type-page","status-publish","has-post-thumbnail","hentry"],"_links":{"self":[{"href":"https:\/\/www.htba.fr\/arhistar\/index.php?rest_route=\/wp\/v2\/pages\/3766","targetHints":{"allow":["GET"]}}],"collection":[{"href":"https:\/\/www.htba.fr\/arhistar\/index.php?rest_route=\/wp\/v2\/pages"}],"about":[{"href":"https:\/\/www.htba.fr\/arhistar\/index.php?rest_route=\/wp\/v2\/types\/page"}],"author":[{"embeddable":true,"href":"https:\/\/www.htba.fr\/arhistar\/index.php?rest_route=\/wp\/v2\/users\/2"}],"replies":[{"embeddable":true,"href":"https:\/\/www.htba.fr\/arhistar\/index.php?rest_route=%2Fwp%2Fv2%2Fcomments&post=3766"}],"version-history":[{"count":21,"href":"https:\/\/www.htba.fr\/arhistar\/index.php?rest_route=\/wp\/v2\/pages\/3766\/revisions"}],"predecessor-version":[{"id":3914,"href":"https:\/\/www.htba.fr\/arhistar\/index.php?rest_route=\/wp\/v2\/pages\/3766\/revisions\/3914"}],"wp:featuredmedia":[{"embeddable":true,"href":"https:\/\/www.htba.fr\/arhistar\/index.php?rest_route=\/wp\/v2\/media\/188"}],"wp:attachment":[{"href":"https:\/\/www.htba.fr\/arhistar\/index.php?rest_route=%2Fwp%2Fv2%2Fmedia&parent=3766"}],"curies":[{"name":"wp","href":"https:\/\/api.w.org\/{rel}","templated":true}]}}